 the remainder when 58 is divided by b?
7
Let h(m) = 4*m**2 + 4*m - 46. Calculate the remainder when h(-8) is divided by 52.
22
Let u be 30/9*(-108)/15. Let z = u + 36. What is the remainder when 70 is divided by z?
10
Let u = -43 - -67. Suppose -2*q - 3*j = 2*j - 20, -5*q + 3*j + 81 = 0. Calculate the remainder when 1044/q + 1 + 3/(-5) is divided by u.
22
Let w = 164 + -102. What is the remainder when (-114)/48*-50 - (-2)/8 is divided by w?
57
Suppose 5*c = 3*i + 144, 3*c - 4*i - 89 - 4 = 0. What is the remainder when 51 is divided by c?
24
Let l(k) = k + 9. Let j be l(-7). Suppose 4*b - 44 = j*b. Calculate the remainder when 43 is divided by b.
21
Let f(s) = 2*s**3 + 4*s**2 + 2*s - 1. Calculate the remainder when 72 is divided by f(2).
2
What is the remainder when 12/((-36)/(-1941)) - -11 is divided by 44?
42
Let i(a) = -a**3 + 25*a**2 - 22*a - 36. Let z be i(24). Suppose z*q = 10*q + 50. Calculate the remainder when q is divided by 17.
8
Let c = -2 + 1. Let h(n) = 3*n - 6. What is the remainder when (-171)/(-6) - c/(-2) is divided by h(7)?
13
Let v = -5 + 2. Let w = 46 + -81. What is the remainder when 20 is divided by -1*(-2 - w)/v?
9
Let j(t) = 5*t + 23. Calculate the remainder when j(13) is divided by 18.
16
Suppose -967*l = -978*l + 6094. What is the remainder when l is divided by 62?
58
Let r be 2*((-4)/(-18) + 870/(-27)). Let j = -50 - r. What is the remainder when 69 is divided by j?
13
Let z(w) = -19*w - 10. Let j be z(-2). Suppose -360 = -j*r + 22*r. What is the remainder when r is divided by 9?
6
Suppose 4*n - 212 = -16*b + 14*b, -4*b - 2*n = -448. Calculate the remainder when b is divided by 30.
24
Suppose 0 = 4*b - 297 + 105. Calculate the remainder when b is divided by (-94)/18 - -5 - (-119)/9.
9
Suppose i = 5*a - 1254 - 2162, -2*i + 2047 = 3*a. What is the remainder when a is divided by 137?
135
Let x = -1021 - -1067. Calculate the remainder when 111 is divided by x.
19
Suppose -22*q + 19*q + 135 = 0. What is the remainder when 52 is divided by q?
7
Let z(o) = 105*o + 7. Let l be z(-1). Let b = l - -284. Calculate the remainder when b is divided by 47.
45
Let h = 957 + -914. Calculate the remainder when h is divided by 24.
19
Let d(l) = -l**2 + 18*l - 12. Calculate the remainder when 48 is divided by d(16).
8
Let x(i) = i**2 + 8*i - 33. Let l be x(4). Calculate the remainder when 82 is divided by 4/(-2) - l/9*-15.
13
Let r(j) = -j**3 - 10*j**2 - 11*j + 8. Let w(z) = -z**2 + 0 + 123*z - 143*z - 1. What is the remainder when w(-17) is divided by r(-9)?
24
Suppose -3*q = -4*q + 6. Calculate the remainder when (-41)/(-5) + (-21)/105 is divided by 9*2/(q*1).
2
Let c = 270 - 233. What is the remainder when 58 is divided by c?
21
Let t(k) = -5*k + 87. Suppose 9*j + 6 - 6 = 0. What is the remainder when t(j) is divided by 22?
21
Let f(c) = 1. Let o(l) = -4*l + 22. Let v(a) = 3*f(a) - o(a). Suppose -b + 3*b - 20 = 0. What is the remainder when v(b) is divided by 11?
10
Suppose -2*n + 158 = 4*h, -n = -1 - 2. Let k = h + -26. Calculate the remainder when 35 is divided by k.
11
Let q(j) = -j**3 + 6*j**2 + 7*j + 9. Let f be q(7). Let r = f - -51. What is the remainder when r is divided by 22?
16
Let v(l) be the first derivative of 2*l**3/3 - 3*l**2 - 9*l - 1. Suppose 45*k - 44*k - 24 = 0. What is the remainder when v(8) is divided by k?
23
Suppose 21*g + 290 = 23*g. Let z = g + -111. Calculate the remainder when 134 is divided by z.
32
Let z(x) = -2*x**3 - 33*x**2 - 23*x - 6. Let r be z(-16). Let b = r - -4. What is the remainder when b is divided by 28?
26
Suppose -4*k - 4 = -4*x, -36 = 2*k - 6*k - 4*x. Suppose 7*d = k*d + 222. Let n = 155 - 130. Calculate the remainder when d is divided by n.
24
Let h(m) = 4*m + 2. Calculate the remainder when 29 is divided by h(2).
9
Let b = -10 - -6. Let l(o) be the second derivative of -5*o**3/6 + o**2/2 + 25*o. What is the remainder when l(b) is divided by 12?
9
Let h(d) = -16*d - 18. What is the remainder when 61 is divided by h(-3)?
1
Suppose 4*k + 3*w = 2*k + 20, 4*k - 40 = 3*w. Let c(g) = -g**3 - 6*g**2 + 11*g - 3. Suppose -22 = 6*i + 26. Calculate the remainder when c(i) is divided by k.
7
What is the remainder when (0 - -242) + 10 + (2 - 7) is divided by 64?
55
Suppose -5*t = -5*s - 70, 5*s - 33 + 8 = 0. Suppose 0 = -h - 2*d + t, 4*h + 10 = 5*d + 47. What is the remainder when 63 is divided by h?
11
Let v be (28/12)/(4/60). Suppose 0 = 3*r + p - 28, -2*r - 2*r + v = -p. What is the remainder when r is divided by 5?
4
Suppose -6*w = -4*w - 58. Suppose 0 = 2*n + 3*n - 50. What is the remainder when w is divided by n?
9
Suppose -p + 26 = -7*o + 4*o, -2*p + 52 = -4*o. Calculate the remainder when 128 is divided by p.
24
Let u(m) = -m**3 + 5*m**2 + 5*m - 6. Let q be u(6). What is the remainder when (640/q + 0)*-3 is divided by 54?
52
Suppose -2*o - 4*z + 140 = -114, -130 = -o + z. Let s = o + -96. What is the remainder when 62 is divided by s?
29
Let w be 87/(-2)*(0 - (-4)/(-3)). Let g = w + -51. Calculate the remainder when 10 is divided by g.
3
Suppose -26*b + 799 = -319. What is the remainder when 219 is divided by b?
4
Let n(u) = -u**2 - 4*u + 47. Calculate the remainder when 40 is divided by n(-8).
10
Let i = -285 + 315. Calculate the remainder when i is divided by 11.
8
Let s = -433 + 510. Calculate the remainder when 208 is divided by s.
54
Suppose -5*w = -5*h + 30, 3*w = 5*h + 6 - 28. Calculate the remainder when 59 is divided by h.
1
Let r be (-12)/4*(-28)/(-6). Let t = r + 19. Suppose -3*k - 4*b + 24 = -b, -2*k + t*b = -37. Calculate the remainder when 31 is divided by k.
9
Suppose t = -2*d + 2*t + 3, -d + 9 = t. Suppose -5*a - 5*w = 5, d*a - 2*w - 6 = 5*a. Suppose 0 = -g - a*g + 25. Calculate the remainder when g is divided by 4.
1
Suppose -3*v = 3*q - 90, -q = 6*v - 4*v - 57. Calculate the remainder when 484 is divided by v.
25
Suppose -80*i = -84*i + 136. Let z(u) = -12*u + 13. Let s be (60/16)/((-9)/24). Calculate the remainder when z(s) is divided by i.
31
Suppose 0 = -33*o + 21*o + 672. Calculate the remainder when 118 is divided by o.
6
Suppose -13 - 20 = -3*z. Suppose 192 + 0 = 6*u. Calculate the remainder when u is divided by z.
10
Let c(w) = -w**2 + 9*w + 5. Let b be c(9). What is the remainder when 187 is divided by 1 - 1 - -26 - b?
19
Let u be ((-74)/10)/((-9)/45). Let g = 37 + u. Suppose 0 = 6*v + v - 133. Calculate the remainder when g is divided by v.
17
Let q = 10 + -22. Let r(t) = t**2 + 16*t - 21. Let v be r(-16). Let f = q - v. Calculate the remainder when f is divided by 5.
4
Suppose -4*w = -14 - 30. Calculate the remainder when 41 is divided by w.
8
Suppose l - 3*l + 126 = 0. Calculate the remainder when 38 is divided by ((-2)/3)/((-3)/l).
10
Suppose -5*g - 10 = -5*o, 2*o - 22 = -5*g - o. What is the remainder when 16 is divided by -3 + g + 2*(-55)/(-10)?
6
Let z be 2/(-5) - 364/(-10). Let v be (4/(-8))/((-2)/z). Calculate the remainder when 36 is divided by (-75)/(-4) + v/36.
17
Let s(x) = -x**3 + 20*x**2 - 49*x - 11. Let u be s(17). Suppose 5*a + 175 = 5*r, a = -3*r + u + 90. What is the remainder when r is divided by 15?
7
Suppose -2*r + 3723 = 49*r. What is the remainder when r is divided by 38?
35
Let z = -48 + 98. Let d = z - 32. Suppose -2*i + 6 = -d. Calculate the remainder when 22 is divided by i.
10
Let j = 5 + -2. Suppose 0*h + j*h - 120 = 0. Calculate the remainder when h is divided by 0 - -15 - (-43 - -37).
19
Suppose 3*y - 32 = 25. Let z(a) = -a**3 - 7*a**2 - 2*a - 4. Let p(l) = -l**3 - 7. Let v be p(0). Calculate the remainder when y is divided by z(v).
9
Let k(i) = i**2 - 22*i + 182. What is the remainder when 124 is divided by k(13)?
59
Suppose 3*w - w = -5*j + 250, 0 = j - w - 50. Suppose -3*k - j = -8*k. What is the remainder when 49 is divided by k?
9
Let s(v) = -v**3 - v**2 - v + 133. What is the remainder when s(0) is divided by 45?
43
Let q(w) = w**2 + 31*w + 331. What is the remainder when q(-28) is divided by 233?
14
Let n(o) = o + 28. Suppose -2*d + y + 3*y = 12, 4*d + 38 = y. What is the remainder when 50 is divided by n(d)?
14
Suppose 17*c = 4*c + 5876. Calculate the remainder when c is divided by 13.
10
Let n = 85 - 70. Suppose 3*q + 0*q = 4*h + 13, -10 = 2*q. Let g = n + h. What is the remainder when 21 is divided by g?
5
Suppose 0 = 